**2 - 19*t - 102. List the prime factors of z(-18).
2, 3, 5, 17
Let t(x) be the second derivative of -x**4/12 + x**3/6 + 7*x**2/2 + 3*x. Let q be t(0). Let h(y) = y**2 - 3*y + 9. What are the prime factors of h(q)?
37
What are the prime factors of 6 + (0 + 1)*-1 + 958?
3, 107
Let u be 7 + -14 - (-6)/(-9)*-6. What are the prime factors of 3 + u - 83*-2?
2, 83
Suppose -3*y + 34 = 2*c - y, c + 4*y - 20 = 0. Let w = 18 - c. What are the prime factors of (8/(-16))/(w/(-56))?
2, 7
Let g = 1476 - 230. What are the prime factors of g?
2, 7, 89
Suppose -1 = 2*z - 7. Suppose 0 = 2*b + z*b - 20. Suppose 0 = j + 5*c - 63, 0 = -3*j - b*c + 147 - 13. List the prime factors of j.
2, 19
List the prime factors of 32/6*2*1710/48.
2, 5, 19
Suppose 3*q = z + 2*q - 317, -4*z - 2*q = -1286. Suppose z = 4*w - 9*w. List the prime factors of (-15)/6*w/10.
2
Let a be 3/15 + (-118)/(-10). Let m(t) = t**2 - 10*t - 3. Let s be m(a). Let c = s + -12. List the prime factors of c.
3
Suppose b - 48 = -3*u, -4*b - 2*u + 208 = 2*u. Let a = b + -34. List the prime factors of a.
2, 5
List the prime factors of 72928/20 + (-12)/(-20).
7, 521
Let x be (6/(-4) - -2)*454. Let w = x - 104. What are the prime factors of w?
3, 41
Let v be 8227/6 + 2/(-12). Suppose f - 6*f - 2*p = -v, -p + 1368 = 5*f. List the prime factors of f.
3, 7, 13
Suppose -12*a - 99 = -15*a. Let n = -29 + a. Suppose -5*h = 25, -n*u - u + 4*h = -350. List the prime factors of u.
2, 3, 11
Let h = 434 - 197. Let g = -128 + h. What are the prime factors of g?
109
Suppose -i = -2*b - 1651, -5*b = 2*i - 6*b - 3290. List the prime factors of i.
31, 53
Let o be (3 - -11)/(7/21). List the prime factors of 735/o*(-12)/(-7).
2, 3, 5
Let s be ((-1776)/15)/(-4)*(-10)/(-1). Suppose 0 = 4*k - 388 - s. What are the prime factors of k?
3, 19
Let t be 114/27 - 6/27. Suppose -t*y = y - 60. Let p = 4 + y. List the prime factors of p.
2
Let a = -271 + 769. What are the prime factors of a?
2, 3, 83
Let x = 0 + 2. Suppose p - 4 = 0, 0 = -x*g - 2*p - 2*p + 26. List the prime factors of g/(-20) - (-77)/4.
19
Let g be 218/9 + 2/(-9). Let h be 42/10 + 11/(-55). Let b = g - h. List the prime factors of b.
2, 5
Let w be (7*2/2)/((-14)/(-140)). Suppose -246 = -4*s - w. What are the prime factors of s?
2, 11
Suppose 21*p = 20*p + 3. List the prime factors of ((-53)/(-4)*p)/((-24)/(-64)).
2, 53
Let r(q) be the second derivative of -q**5/20 + 13*q**4/12 - 7*q**3/6 - 17*q**2/2 + 35*q + 1. Suppose 3*a = 2*a + 12. List the prime factors of r(a).
43
Let r = -291 + 433. List the prime factors of r.
2, 71
Let q be (-3052)/(-10) - (-17)/(-85). Let u = q - 215. List the prime factors of u.
2, 3, 5
Suppose 2*x - 4 = -4*t, -5*t - 2*x + 23 = -4*x. Suppose z + 63 = 4*z - h, -z + t*h = -29. List the prime factors of z.
2, 5
Suppose 4*s = 13*s - 963. Let t = s + -77. List the prime factors of t.
2, 3, 5
Let d(f) = -f**3 + 5*f**2 - 2*f. Let k be d(2). Suppose 5 = -b - 2*y, -16*b + y = -15*b + 2. Let a = b + k. List the prime factors of a.
5
Suppose 3*m + 6 = 9. What are the prime factors of 1 + 0 - (-77 + m)?
7, 11
Let y(o) = 16*o + 153. What are the prime factors of y(26)?
569
Let f = 130 - 138. What are the prime factors of (423 - 1)/(-3 - (f - -3))?
211
Suppose 0 = -4*l + 4*u + 6408, 4*l + u + 2*u - 6415 = 0. What are the prime factors of l?
7, 229
Let t = 1930 - 1680. What are the prime factors of t?
2, 5
Let d = -22 - -19. Let o = d + 6. Suppose 11 = x - o. List the prime factors of x.
2, 7
Suppose -72 = -4*o - 12. Suppose 5 = -5*d + o. Suppose -3*h + 0*c = 5*c - 32, 5*h - d*c - 105 = 0. List the prime factors of h.
19
Suppose t + 4*n = -17, -t + 5*t = 5*n + 37. Suppose 2*k = t*k - 118. What are the prime factors of k?
2, 59
Let s = -5 + -1. Let z be (-2)/(-8) - (-6 + (-318)/(-24)). List the prime factors of -42*(-1)/(z/s).
2, 3
Suppose 10*s - 5*s = 20. Suppose -3*q = -3*a + 72, 2*a + s*q + q = 69. What are the prime factors of a?
3
Let f(r) = 3*r**2 + 21*r - 246. List the prime factors of f(22).
2, 3, 139
Let k(u) = 6*u**2 + 52*u + 18. List the prime factors of k(-12).
2, 3, 43
Let z = 44 - 37. Suppose 5*s - 8 = z, -4*d = -3*s - 503. List the prime factors of d.
2
Suppose -490 = -4*h + 2*l, -5 = -5*l - 0. Suppose 3*r = 47 + 22. Suppose -4*w - r = -h. List the prime factors of w.
5
Let s(c) = 309*c**2 - 2*c + 1. Let j be s(1). Let a be -3 + j/(-4) - -3. Let u = 121 + a. List the prime factors of u.
2, 11
Suppose 4149 = j + 5*k, -j + 6*k = 3*k - 4109. What are the prime factors of j?
2, 1031
What are the prime factors of (5 + -3)*-1 + 248?
2, 3, 41
Suppose -7*d - 209 - 463 = 0. Let i = -28 - d. List the prime factors of i.
2, 17
Let g be 2283 - ((-51)/15 + 4/10). Suppose 10*t + 8*t = g. List the prime factors of t.
127
Let u = 9 - -1. Suppose 6*r + 12 = u*r. Suppose -2*q - 35 = -r*q. List the prime factors of q.
5, 7
Let g(j) = 327*j**2 - 2*j + 5. List the prime factors of g(2).
7, 11, 17
Suppose 8903*i = 8913*i - 29410. List the prime factors of i.
17, 173
Let n = 2 + -7. Let d be (n/(-2))/((-4)/(-8)). Suppose 0 = -d*f + 3*f + 46. What are the prime factors of f?
23
Let k be 486 + 36/(-54)*(2 - -1). Suppose 10*h - k = 6*h. List the prime factors of h.
11
Suppose 0 = -2*z + 15 - 5. Suppose -4 - 6 = 3*x + 4*o, o = z*x - 14. List the prime factors of x.
2
Suppose 7*y = -3 + 17. Suppose 0 = -3*s + 4*x + 10, s + x - 5*x = -y. Suppose -s*a + 4*a = -4*f - 6, 4*f + 32 = 4*a. List the prime factors of a.
13
Let d(i) = 5*i + 27. Let f(z) = -3*z - 14. Let u(v) = 4*d(v) + 7*f(v). List the prime factors of u(6).
2
Let r(x) = 21*x**3 - x**2 + 2*x - 2. Let f be r(2). Let c = 45 - f. Let j = c + 169. List the prime factors of j.
2, 3
Let t(g) = 2*g - 22. Let v be t(11). Suppose v*f = -2*f - 4*n + 72, -5*f + 212 = 2*n. What are the prime factors of f?
2, 11
What are the prime factors of (-353 + -1)*((-162)/(-12))/(-9)?
3, 59
Suppose -4*d = 3*b - 1044, -d - 4*b - 1336 = -6*d. What are the prime factors of d?
2, 3, 11
Let y(s) = 32*s + 2. Let x be y(1). Let f(v) = -29*v. Let o be f(1). Let c = x + o. What are the prime factors of c?
5
Suppose 12 = -4*u - 8. Let a be (-6)/u*(1 + -81). List the prime factors of 5/((-20)/a) - 4.
2, 5
Let m = -35 + 36. Let w(f) = 85*f - 4. List the prime factors of w(m).
3
Suppose -2*m = 2*m + 4. Let t be -2 + m + 10*1. Suppose 74 = t*b - 150. List the prime factors of b.
2
Suppose -3*s + 202 = -2*g, -4*s + 5*s - 66 = g. List the prime factors of 1/((-10)/(-1438)) - (-14)/s.
2, 3
Let r be (-2)/9 + (-438)/(-27). Suppose 0*o + 2*o - r = 0. Suppose -8*f - o = -12*f. What are the prime factors of f?
2
Let f(x) = x**2 + 11*x - 25. Let y(w) = -w**3 - 9*w**2 + 14*w + 22. Let o be y(-10). List the prime factors of f(o).
101
List the prime factors of (-15 + 19)/(0 + 3/2007).
2, 3, 223
List the prime factors of 4502/15 + ((-434)/105 - -4).
2, 3, 5
Suppose 1310 + 2870 = 22*i. List the prime factors of i.
2, 5, 19
Let z(t) = -5*t + 4. Let h be z(0). Suppose 3*k - 16 = -k. Suppose k*r - 158 = 3*j, 0 = h*r - 3*j + 4*j - 150. List the prime factors of r.
2, 19
Let j = 6536 + -3562. What are the prime factors of j?
2, 1487
Let f be -37 - (-3 + 0 + 5). Let s = 51 + f. What are the prime factors of s?
2, 3
Let k(y) = -9*y**2 + y + 2. Let h be k(4). Let g = h + 269. Suppose 2*m = -2*s + m + 65, m = -4*s + g. List the prime factors of s.
3, 11
Let l(z) = z**2 - 2*z + 7. Let x(a) = -2*a - 8. Let c be x(-7). List the prime factors of l(c).
31
Let o = -11 - -11. Let a(w) = -w + 16. Let g be a(12). Suppose o = -g*r - 0*f + 2*f + 88, -8 = -r + 4*f. What are the prime factors of r?
2, 3
Suppose 6*u - 2*u = -8. Let j be (-2)/(u - 2)*0. Suppose -2*p + 4*o - 2*o = -20, -5*p + o + 54 = j. What are the prime factors of p?
11
Let m(z) be the second derivative of -z**6/144 - z**5/60 + 3*z**4/4 + z. Let c(b) be the third derivative of m(b). List the prime factors of c(-2).
2
Suppose -10*w + 20 = -9*w + 4*y, -4*w - 5*y + 113 = 0. List the prime factors of (w/(-3))/(0 + 4/(-6)).
2
Suppose -22*h = -14*h - 2736. List the prime factors of h.
2, 3, 19
Let i(q) = q**3 + q**2 + 1. Let c(t) = 7*t**3 - 14*t**2 - 42*t - 2. Let b(l) = c(l) - 6*i(l). List the prime factors of b(22).
2, 3
Let l be (-11)/(-2) - (-5)/(-10). What are the prime factors of 16/6*(450/4)/l?
2, 3, 5
Let t(j) = 2